git of 3955?
5
What is the thousands digit of 21371?
1
What is the thousands digit of 2064?
2
What is the ten thousands digit of 20620?
2
What is the thousands digit of 16882?
6
What is the thousands digit of 83131?
3
What is the hundreds digit of 1985?
9
What is the hundred thousands digit of 112318?
1
What is the units digit of 168?
8
What is the units digit of 1792?
2
What is the units digit of 1343?
3
What is the tens digit of 93236?
3
What is the hundreds digit of 4721?
7
What is the thousands digit of 21643?
1
What is the thousands digit of 2603?
2
What is the units digit of 669?
9
What is the units digit of 3059?
9
What is the tens digit of 34884?
8
What is the hundreds digit of 1474?
4
What is the units digit of 2094?
4
What is the thousands digit of 3238?
3
What is the hundreds digit of 1253?
2
What is the tens digit of 914?
1
What is the units digit of 10505?
5
What is the hundreds digit of 5631?
6
What is the hundred thousands digit of 110137?
1
What is the units digit of 46322?
2
What is the tens digit of 3105?
0
What is the tens digit of 4925?
2
What is the hundreds digit of 3538?
5
What is the tens digit of 5507?
0
What is the units digit of 1064?
4
What is the hundreds digit of 905?
9
What is the hundreds digit of 4686?
6
What is the units digit of 712?
2
What is the hundreds digit of 946?
9
What is the tens digit of 2081?
8
What is the ten thousands digit of 83858?
8
What is the tens digit of 6530?
3
What is the units digit of 1267?
7
What is the ten thousands digit of 64223?
6
What is the hundreds digit of 1608?
6
What is the thousands digit of 5715?
5
What is the units digit of 4206?
6
What is the hundreds digit of 256?
2
What is the units digit of 2858?
8
What is the thousands digit of 7449?
7
What is the units digit of 3351?
1
What is the hundreds digit of 13631?
6
What is the thousands digit of 1920?
1
What is the tens digit of 12?
1
What is the hundreds digit of 2934?
9
What is the units digit of 5273?
3
What is the thousands digit of 22819?
2
What is the hundreds digit of 1836?
8
What is the thousands digit of 13022?
3
What is the units digit of 1914?
4
What is the units digit of 8549?
9
What is the units digit of 267?
7
What is the tens digit of 34250?
5
What is the units digit of 1505?
5
What is the units digit of 3223?
3
What is the units digit of 10512?
2
What is the units digit of 229?
9
What is the ten thousands digit of 97385?
9
What is the hundreds digit of 1984?
9
What is the thousands digit of 6093?
6
What is the hundreds digit of 3776?
7
What is the units digit of 432?
2
What is the hundred thousands digit of 181860?
1
What is the tens digit of 13890?
9
What is the ten thousands digit of 31722?
3
What is the units digit of 41?
1
What is the thousands digit of 37791?
7
What is the hundreds digit of 26047?
0
What is the tens digit of 17460?
6
What is the thousands digit of 3490?
3
What is the units digit of 3733?
3
What is the units digit of 1326?
6
What is the tens digit of 124268?
6
What is the units digit of 3761?
1
What is the units digit of 3633?
3
What is the hundreds digit of 366?
3
What is the tens digit of 2148?
4
What is the tens digit of 1460?
6
What is the tens digit of 1652?
5
What is the ten thousands digit of 27922?
2
What is the hundreds digit of 296?
2
What is the thousands digit of 10775?
0
What is the hundreds digit of 3113?
1
What is the units digit of 1251?
1
What is the hundreds digit of 16655?
6
What is the hundreds digit of 2024?
0
What is the thousands digit of 5946?
5
What is the units digit of 2217?
7
What is the tens digit of 547?
4
What is the units digit of 6977?
7
What is the units digit of 219?
9
What is the thousands digit of 3736?
3
What is the hundreds digit of 87010?
0
What is the tens digit of 1444?
4
What is the hundreds digit of 31785?
7
What is the ten thousands digit of 134936?
3
What is the units digit of 13030?
0
What is the tens digit of 3103?
0
What is the hundreds digit of 7755?
7
What is the tens digit of 4574?
7
What is the units digit of 127822?
2
What is the hundreds digit of 1487?
4
What is the tens digit of 2779?
7
What is the tens digit of 9339?
3
What is the tens digit of 1935?
3
What is the thousands digit of 1618?
1
What is the thousands digit of 1582?
1
What is the hundreds digit of 3402?
4
What is the hundreds digit of 1056?
0
What is the thousands digit of 85690?
5
What is the units digit of 60627?
7
What is the ten thousands digit of 26210?
2
What is the thousands digit of 4910?
4
What is the ten thousands digit of 46055?
4
What is the ten thousands digit of 42976?
4
What is the hundreds digit of 25806?
8
What is the units digit of 60?
0
What is the units digit of 6512?
2
What is the units digit of 71597?
7
What is the hundreds digit of 11950?
9
What is the thousands digit of 6074?
6
What is the ten thousands digit of 32981?
3
What is the thousands digit of 37056?
7
What is the hundreds digit of 16130?
1
What is the hundreds digit of 132?
1
What is the tens digit of 14599?
9
What is the tens digit of 1788?
8
What is the thousands digit of 1184?
1
What is the tens digit of 12020?
2
What is the hundreds digit of 134?
1
What is the tens digit of 989?
8
What is the thousands digit of 124315?
4
What is the ten thousands digit of 61006?
6
What is the thousands digit of 154661?
4
What is the tens digit of 13183?
8
What is the hundreds digit of 105805?
8
What is the thousands digit of 7109?
7
What is the tens digit of 30741?
4
What is the tens digit of 33108?
0
What is the units digit of 47563?
3
What is the thousands digit of 14401?
4
What is the units digit of 2477?
7
What is the units digit of 305?
5
What is the tens digit of 7552?
5
What is the ten thousands digit of 125307?
2
What is the hundreds digit of 938?
9
What is the thousands digit of 4301?
4
What is the hundreds digit of 430?
4
What is the thousands digit of 4198?
4
What is the hundreds digit of 6073?
0
What is the hundreds digit of 2439?
4
What is the ten thousands digit of 14923?
1
What is the tens digit of 270?
7
What is the hundreds digit of 70597?
5
What is the thousands digit of 16980?
6
What is the tens digit of 11362?
6
What is the hundreds digit of 2252?
2
What is the thousands digit of 54343?
4
What is the hundreds digit of 30131?
1
What is the tens digit of 22860?
6
What is the ten thousands digit of 42348?
4
What is the thousands digit of 4267?
4
What is the tens digit of 1470?
7
What is the tens digit of 144863?
6
What is the tens digit of 1635?
3
What is the units digit of 17101?
1
What is the tens digit of 8918?
1
What is the hundreds digit of 1139?
1
What is the units digit of 34909?
9
What is the tens digit of 20836?
3
What is the tens digit of 310?
1
What is the tens digit of 60869?
6
What is the thousands digit of 22462?
2
What is the ten thousands digit of 128853?
2
What is the hundreds digit of 921?
9
What is the units digit of 3762?
2
What is the thousands digit of 3470?
3
What is the tens digit of 1422?
2
What is the units digit of 4252?
2
What is the tens digit of 19920?
2
What is the units digit of 3077?
7
What is the tens digit of 2217?
1
What is the hundreds digit of 3830?
8
What is the units digit of 10457?
7
What is the tens digit of 18983?
8
What is the thousands digit of 32394?
2
What is the thousands digit of 8828?
8
What is the ten thousands digit of 21455?
2
What is the tens digit of 503?
0
What is the tens digit of 1739?
3
What is the hundreds digit of 2821?
8
What is the tens digit of 8986?
8
What is the tens digit of 104859?
5
What is the ten thousands digit of 30346?
3
What is the hundreds digit of 6024?
0
What is the units digit of 48065?
5
What is the hundreds digit of 1514?
5
What is the tens digit of 67?
6
What is the units digit of 1353?
3
What is the thousands digit of 24143?
4
What is the hundreds digit of 2975?
9
What is the hundreds digit of 2684?
6
What is the units digit of 1390?
0
What is the units digit of 54?
4
What is the thousands digit of 6395?
6
What is the hundreds digit of 1808?
8
What is the tens digit of 5817?
1
What is the thousands digit of 42219?
2
What is the units digit of 97?
7
What is the hundred thousands digit of 106029?
1
What is the hundreds digit of 283?
2
What is the hundreds digit of 16996?
9
What is the hundreds digit 